1 + 0*p**2 + 1 + 2. What is y(2)?
-10
Let y(n) = n**3 - n**2 + 11. Let p(c) = c - 9. Let s be p(11). Let t be 20/(-90) - s/(-9). What is y(t)?
11
Suppose -18 = -c - 2*c. Let r(g) = 0 + c*g + g**2 + 3 - 2. Calculate r(-6).
1
Let a(g) = -g + 8. Let z be a(4). Let t = z - 1. Let b(x) = -6*x + 3*x + 3 - 2*x**2 + 0*x + x**3. Give b(t).
3
Let a(r) be the third derivative of 0*r + 0 - 1/20*r**5 + 4*r**2 + 1/6*r**3 + 1/24*r**4 - 1/120*r**6. What is a(-4)?
13
Let w(o) = 3*o**3 + 4*o**2 - 9*o - 20. Let m(y) = -6*y**2 + 0*y**2 + 9*y + 3*y**2 - 2*y**3 - 3*y + 13. Let r(t) = -8*m(t) - 5*w(t). Calculate r(-4).
8
Let q = -3 - -4. Let j(y) = 2*y**2 + q + y**3 - 5*y**2 - y + 2*y**2. Give j(1).
0
Let r(s) = -s + 3. Let v = -25 + 19. Determine r(v).
9
Let t(k) = 9 - 9*k - 6*k + 3. Let h(x) = -7*x + 6. Let u(f) = -9*h(f) + 4*t(f). Give u(4).
6
Let a(i) = -3*i**2 + 0 - i**2 - 84*i + 86*i + 1. What is a(-1)?
-5
Let v(w) = -w**3 + 4*w**2 + 6*w + 3. Let d(y) be the third derivative of y**5/60 + 5*y**4/24 + 5*y**3/6 + 3*y**2. Let l be d(-5). Determine v(l).
8
Let d(h) be the second derivative of -h**3/6 - h. Let u(k) = 5*k - 37. Let w be u(7). What is d(w)?
2
Let i(m) = 4*m**2 - 8*m + 3 + 2 + 2*m**2 - 3 + m**3. What is i(-7)?
9
Suppose u - 5*u = -32. Let v(w) = -w**3 + 9*w**2 - 8*w - 5. Calculate v(u).
-5
Let l(x) = 32 + 9*x - 13 - 20. Calculate l(1).
8
Let z(l) = l**3 - 7*l**2 + 6*l + 6. Let n be (-20)/110 + 136/22. Calculate z(n).
6
Let r(a) = -5*a + 1. Let c(n) = -9*n + 2. Let t(d) = -3*c(d) + 5*r(d). Let m(p) = 3*p + 1. Let i be m(-1). Give t(i).
-5
Let a be 7 + -10 + (-1 - -8). Let i(b) = -b - 2. Determine i(a).
-6
Let r(u) = -2*u - 1 - 3 - 2. Let o(t) = t - 1. Let y(i) = 5*i - 4. Let w(x) = -11*o(x) + 2*y(x). Let v be w(7). Give r(v).
2
Let q(d) = -d. Let f = 105 + -104. Determine q(f).
-1
Let w(j) = -5*j**2 + 20*j - 20. Let y(f) = f**2 - 4*f + 4. Let s(z) = -2*w(z) - 11*y(z). Determine s(5).
-9
Let m(i) be the third derivative of i**5/40 - 7*i**4/24 + i**3/2 + 2*i**2. Let t(h) be the first derivative of m(h). Determine t(5).
8
Let h(m) be the first derivative of m**4/4 + m**2/2 + 9*m + 15. Calculate h(0).
9
Let g(q) = 3 + 5*q + 8 - 3 - 3*q. Determine g(-6).
-4
Let j be 1*(-2)/((-6)/9). Let g(w) = -j - 1 - w**2 - 8*w - 1. Give g(-6).
7
Let o = 12 - 12. Let i(t) = t**3 + t**2. Determine i(o).
0
Let c(k) = k**3 - 3*k**2 + 3*k - 2. Let d(r) = 4*r**3 - 10*r**2 + 10*r - 7. Let t(j) = -7*c(j) + 2*d(j). Give t(1).
1
Let g(s) be the first derivative of s**4/4 + s**3/3 + 15. Calculate g(0).
0
Let x(t) = -4*t + 2. Let y(c) = 23*c - 11. Suppose -5*w = 4*i + 4 + 10, -4*w = 4*i + 16. Let a(q) = i*y(q) - 34*x(q). Calculate a(-3).
4
Let l(t) = 7*t**3 - 10*t**2 + 15*t + 17. Let k(f) = -13*f**3 + 20*f**2 - 29*f - 32. Let n(a) = 6*k(a) + 11*l(a). Give n(9).
-5
Let p(h) be the second derivative of h**3/6 - 9*h**2/2 + 5*h. Calculate p(0).
-9
Let o(t) be the first derivative of 0*t**2 + 0*t - 1/3*t**3 - 4. Let d = -7 - -10. What is o(d)?
-9
Let m(p) be the third derivative of -1/2*p**3 + 0 - 1/24*p**4 + 0*p - 1/180*p**6 - 2*p**2 - 1/30*p**5. Let k(f) be the first derivative of m(f). Give k(-3).
-7
Suppose -n = 2 - 3, 5*r + n + 29 = 0. Let b = -8 - r. Let l(c) = -c - 2. Give l(b).
0
Let v(q) be the second derivative of -q**4/12 - 2*q**3 - 7*q**2 - 53*q. Determine v(-10).
6
Suppose 20 = -3*g + g. Let i be (-45)/g - (-2)/4. Let o(h) = -h - 2. Calculate o(i).
-7
Let d(b) = -b - 4. Suppose 2*s = 5*i + 21, -3*i + 2*s = -0*i + 11. Determine d(i).
1
Let l(g) = g**2 + g. Let x(a) = 4*a**2 - 3*a + 1. Let p(w) = 3*l(w) - x(w). Give p(6).
-1
Let s be (2 + 2/(-2))*0. Suppose -10 = -s*k + 2*k. Let n(t) = t**2 + 7*t + 3. Determine n(k).
-7
Let b(a) be the second derivative of -1/3*a**4 - 1/20*a**5 - a**2 + 0 - 2/3*a**3 + 4*a. Let z = 5 - 8. Calculate b(z).
1
Suppose 0 = -k - 2 + 6. Suppose -y + k = y. Suppose -y*r - r = 6. Let b(o) = -o**2 + 2*o. Give b(r).
-8
Let x(b) = 4*b**2 - 5. Let l(v) = 3*v**2 - 4. Let k(n) = -5*l(n) + 4*x(n). Let f be 5*(24/15 + -2). Calculate k(f).
4
Let t(w) = w + 2. Let s = -12 + 7. What is t(s)?
-3
Suppose 5*r = 5*o - 5, -2*o + 5*r + 7 + 1 = 0. Let m(h) be the second derivative of 1/2*h**3 - 6*h + 0 + 0*h**2. What is m(o)?
-3
Let n(u) = u. Let o(v) = -3*v - 12. Let d(p) = -4*n(p) - o(p). Suppose -9*f + 67 = 13. Calculate d(f).
6
Let q(v) be the first derivative of -v**3/3 + 2*v**2 - 3*v + 3. Let h be q(5). Let w = h - -11. Let n(m) = m - 1. Determine n(w).
2
Let c(o) = 11*o**2 + 23*o + 2. Let y(t) = 5*t**2 + 11*t + 1. Let a(r) = 6*c(r) - 13*y(r). Suppose -h = -5*h - 504. Let d be 6/33 + h/(-33). Calculate a(d).
-5
Let n(w) = w**2 - 11*w - 2. Suppose -5*q - 14 = -69. Calculate n(q).
-2
Let s(q) = -q**2 + 5*q - 6. Let d(g) = -3*g + 2*g + 4*g + 1. Let f be d(1). Give s(f).
-2
Let h(m) = m - 2*m + 1 - 6. Let w = 29 - 32. Calculate h(w).
-2
Let y(u) = u**2 + 5*u - 4. Suppose -9*x - 28 = -2*x. What is y(x)?
-8
Suppose 5*d + 12 - 42 = 0. Suppose -4 = -n - v, 5*v - 16 = -0*n - n. Let t(y) = 2 - n + 8 - 1 - y. Give t(d).
2
Let w(o) = 7*o**2 + 3*o + 3. Let l(r) = 11*r**2 + 5*r + 5. Let a(i) = 5*l(i) - 8*w(i). What is a(3)?
-5
Let b = -26 + 29. Let n(a) = -a. Let w be n(b). Let c(k) = -k**2 - 2*k. What is c(w)?
-3
Let g(k) be the first derivative of k**4/4 - 5*k**3/3 + k**2 - 4*k + 4. Let n be g(5). Let c(z) = -z**2 + 5*z - 2. What is c(n)?
-8
Let q(u) = 2*u**3 + 2*u**2 + u. Suppose -r = 5*h - 3*r - 35, 3*r + 25 = 2*h. Suppose -i - h = -3. Let k be -3 + (0 - 2)/i. What is q(k)?
-10
Let h(u) be the second derivative of u**5/40 - u**4/8 - u**3/3 - 3*u. Let w(n) be the second derivative of h(n). Calculate w(3).
6
Let a(s) = s**3 + 9*s**2 + s + 3. Suppose 0 = -7*u + 12*u + 45. Calculate a(u).
-6
Let g(i) = 3*i + 1. Let r(f) = 3*f + 3. Let k(y) = 8*y + 8. Let m(h) = 4*k(h) - 11*r(h). Let x(d) = g(d) + 2*m(d). Calculate x(-5).
-6
Suppose -11 = -4*l + 9. Let o(z) = -z**2 + 3*z + 4. Determine o(l).
-6
Let a(h) be the third derivative of h**5/60 + h**4/6 - 2*h**3/3 + 19*h**2. Calculate a(-6).
8
Suppose -6 = c - 5, 0 = 2*a + 2*c - 8. Suppose 4*z = -v - 18, -a*v + 23 = -v - 3*z. Let t(h) = -2*h**2 - 3*h**v - h**3 + 0*h + 5*h - 6. Determine t(-6).
0
Suppose -3*b - 32 = 4*s - 9*s, 0 = 3*b + 2*s + 4. Let w(k) = -2*k - 3. Determine w(b).
5
Suppose 0 = 5*v - 10*v - 5, -2 = z + 4*v. Let g(d) = -z*d + 0*d + 5*d - d. Let m be (-2 + 0)*6/4. What is g(m)?
-6
Suppose -3*p = -0*p - 24. Let h = 12 + -6. Let v = h - p. Let c(a) = 2*a - 1. Give c(v).
-5
Let o(f) be the second derivative of -3*f**5/20 + f**4/4 - f**3/6 + f**2/2 - 26*f. Determine o(2).
-13
Let l(f) = -f + 8. Let m be 48*(10/(-4) - -2). Let c = m - -54. Suppose -c = -2*i - 4*p, 2*i - i = p. Give l(i).
3
Let v(w) be the second derivative of -w**6/720 + w**5/40 - w**4/6 - 5*w. Let f(u) be the third derivative of v(u). Calculate f(0).
3
Let g(i) = 3*i**2 + i - 5. Let w(h) = 12 - 7 - 6*h**2 - 2*h + 6. Let x(r) = -9*g(r) - 4*w(r). Let p = 48 + -47. Calculate x(p).
-3
Let b(j) be the second derivative of j**5/120 + j**4/24 - 2*j**3/3 + 2*j. Let f(v) be the second derivative of b(v). Calculate f(-4).
-3
Let m = -22 + 26. Let i(v) = 3*v + 2. Determine i(m).
14
Suppose -3*j - j - 27 = -5*f, 0 = 2*j + 3*f - 3. Suppose 5*s + 0 = 10. Let b(q) = 0*q**2 - 3*q**s + q - q - 2*q - q**3. Determine b(j).
6
Let m(d) be the first derivative of -d**4/8 - d**3/6 + d**2/2 + 2. Let v(z) be the second derivative of m(z). Calculate v(-2).
5
Let v(a) = -3*a + a + a. Let r(b) = -2*b**3 + 6*b**2 + b - 2. Let c be r(3). Calculate v(c).
-1
Let j(w) = w**2 - w - 1. Let m(l) = 2*l**2 + 13*l - 10. Let d be m(-7). Give j(d).
11
Suppose 24 = -3*a - 5*r, -5*a + r = -0*a + 12. Let g(o) = -1 - o**2 + 2*o - 3*o + 4. Determine g(a).
-3
Let w = -50 - -74. Suppose 20 = -29*u + w*u. Let q(d) = -d**2 - 7*d. Determine q(u).
12
Let h(g) be the second derivative of 0 + 0*g**2 + 1/720*g**6 + 1/12*g**4 + 1/120*g**5 + 0*g**3 + 2*g. Let n(u) be the third derivative of h(u). Give n(-4).
-3
Suppose -2*j - 24 = -0*j. Let o be (108/21)/(4/42). Let f be j/o - 20/(-9). Let b(m) = 3*m**2 - 2*m - 1. What is b(f)?
7
Let c be 9 + 1 + 4*-1. Suppose -2*v = -v + c. Let j(h) = -h - 10. What is j(v)?
-4
Let t(c) = c**3 - 5*c**2 + 6*c - 6. Suppose -68 = -4*u + 4*b, -5*b + 2*b = -2*u + 39. Suppose -2*r - 